{"id":1133,"date":"2024-01-30T13:29:03","date_gmt":"2024-01-30T12:29:03","guid":{"rendered":"https:\/\/campuscasson.fr\/?page_id=1133"},"modified":"2025-07-21T16:17:02","modified_gmt":"2025-07-21T14:17:02","slug":"benevoles","status":"publish","type":"page","link":"https:\/\/campuscasson.fr\/?page_id=1133","title":{"rendered":"B\u00e9n\u00e9voles"},"content":{"rendered":"\t\t<div data-elementor-type=\"wp-page\" data-elementor-id=\"1133\" class=\"elementor elementor-1133\">\n\t\t\t\t\t\t<section class=\"elementor-section elementor-top-section elementor-element elementor-element-72c12915 elementor-section-height-full elementor-section-stretched elementor-section-boxed elementor-section-height-default elementor-section-items-middle\" data-id=\"72c12915\" data-element_type=\"section\" data-e-type=\"section\" data-settings=\"{&quot;stretch_section&quot;:&quot;section-stretched&quot;,&quot;background_background&quot;:&quot;classic&quot;}\">\n\t\t\t\t\t\t\t<div class=\"elementor-background-overlay\"><\/div>\n\t\t\t\t\t\t\t<div class=\"elementor-container elementor-column-gap-default\">\n\t\t\t\t\t<div class=\"elementor-column elementor-col-100 elementor-top-column elementor-element elementor-element-75812f63\" data-id=\"75812f63\" data-element_type=\"column\" data-e-type=\"column\">\n\t\t\t<div class=\"elementor-widget-wrap elementor-element-populated\">\n\t\t\t\t\t\t<div class=\"elementor-element elementor-element-35005de5 elementor-widget elementor-widget-heading\" data-id=\"35005de5\" data-element_type=\"widget\" data-e-type=\"widget\" data-widget_type=\"heading.default\">\n\t\t\t\t<div class=\"elementor-widget-container\">\n\t\t\t\t\t<h2 class=\"elementor-heading-title elementor-size-default\">B\u00e9n\u00e9voles<\/h2>\t\t\t\t<\/div>\n\t\t\t\t<\/div>\n\t\t\t\t\t<\/div>\n\t\t<\/div>\n\t\t\t\t\t<\/div>\n\t\t<\/section>\n\t\t\t\t<section class=\"elementor-section elementor-top-section elementor-element elementor-element-117e258 elementor-section-stretched elementor-section-boxed elementor-section-height-default elementor-section-height-default\" data-id=\"117e258\" data-element_type=\"section\" data-e-type=\"section\" data-settings=\"{&quot;stretch_section&quot;:&quot;section-stretched&quot;}\">\n\t\t\t\t\t\t<div class=\"elementor-container elementor-column-gap-default\">\n\t\t\t\t\t<div class=\"elementor-column elementor-col-50 elementor-top-column elementor-element elementor-element-796a11a\" data-id=\"796a11a\" data-element_type=\"column\" data-e-type=\"column\">\n\t\t\t<div class=\"elementor-widget-wrap elementor-element-populated\">\n\t\t\t\t\t\t<div class=\"elementor-element elementor-element-e1f4f2e elementor-widget elementor-widget-spacer\" data-id=\"e1f4f2e\" data-element_type=\"widget\" data-e-type=\"widget\" data-widget_type=\"spacer.default\">\n\t\t\t\t<div class=\"elementor-widget-container\">\n\t\t\t\t\t\t\t<div class=\"elementor-spacer\">\n\t\t\t<div class=\"elementor-spacer-inner\"><\/div>\n\t\t<\/div>\n\t\t\t\t\t\t<\/div>\n\t\t\t\t<\/div>\n\t\t\t\t<div class=\"elementor-element elementor-element-f203bdb elementor-widget elementor-widget-text-editor\" data-id=\"f203bdb\" data-element_type=\"widget\" data-e-type=\"widget\" data-widget_type=\"text-editor.default\">\n\t\t\t\t<div class=\"elementor-widget-container\">\n\t\t\t\t\t\t\t\t\t<p>En 2024, plus de 200 b\u00e9n\u00e9voles exceptionnels ont fait du CAMP US Casson un \u00e9v\u00e9nement inoubliable. Sans leur \u00e9nergie, leur d\u00e9vouement et leur bonne humeur, cette c\u00e9l\u00e9bration n&rsquo;aurait tout simplement pas lieu. Chaque ann\u00e9e, c&rsquo;est gr\u00e2ce \u00e0 vous que la magie op\u00e8re et que des milliers de visiteurs peuvent profiter pleinement de cette immersion dans la culture am\u00e9ricaine. Si vous souhaitez faire partie de cette aventure humaine incroyable, vivre une exp\u00e9rience enrichissante et contribuer au succ\u00e8s de la 6\u00e8me \u00e9dition du CAMP US Casson, nous avons besoin de vous !&nbsp;<\/p><p>Rejoignez notre \u00e9quipe de b\u00e9n\u00e9voles et aidez-nous \u00e0 cr\u00e9er une \u00e9dition 2026 encore plus m\u00e9morable.<\/p>\t\t\t\t\t\t\t\t<\/div>\n\t\t\t\t<\/div>\n\t\t\t\t<div class=\"elementor-element elementor-element-5726557 elementor-align-center elementor-widget elementor-widget-button\" data-id=\"5726557\" data-element_type=\"widget\" data-e-type=\"widget\" data-widget_type=\"button.default\">\n\t\t\t\t<div class=\"elementor-widget-container\">\n\t\t\t\t\t\t\t\t\t<div class=\"elementor-button-wrapper\">\n\t\t\t\t\t<a class=\"elementor-button elementor-button-link elementor-size-lg elementor-animation-grow\" href=\"https:\/\/docs.google.com\/forms\/d\/e\/1FAIpQLSdep7QhmEsbnAKQem4NWSVcga6-HTwWYEYUtOwj50juiXBQuA\/viewform?usp=header\" target=\"_blank\">\n\t\t\t\t\t\t<span class=\"elementor-button-content-wrapper\">\n\t\t\t\t\t\t\t\t\t<span class=\"elementor-button-text\">Inscription<\/span>\n\t\t\t\t\t<\/span>\n\t\t\t\t\t<\/a>\n\t\t\t\t<\/div>\n\t\t\t\t\t\t\t\t<\/div>\n\t\t\t\t<\/div>\n\t\t\t\t\t<\/div>\n\t\t<\/div>\n\t\t\t\t<div class=\"elementor-column elementor-col-50 elementor-top-column elementor-element elementor-element-f41b76f\" data-id=\"f41b76f\" data-element_type=\"column\" data-e-type=\"column\">\n\t\t\t<div class=\"elementor-widget-wrap elementor-element-populated\">\n\t\t\t\t\t\t<div class=\"elementor-element elementor-element-72ad349 elementor-widget elementor-widget-spacer\" data-id=\"72ad349\" data-element_type=\"widget\" data-e-type=\"widget\" data-widget_type=\"spacer.default\">\n\t\t\t\t<div class=\"elementor-widget-container\">\n\t\t\t\t\t\t\t<div class=\"elementor-spacer\">\n\t\t\t<div class=\"elementor-spacer-inner\"><\/div>\n\t\t<\/div>\n\t\t\t\t\t\t<\/div>\n\t\t\t\t<\/div>\n\t\t\t\t<div class=\"elementor-element elementor-element-554d3a5 elementor-arrows-position-inside elementor-pagination-position-outside elementor-widget elementor-widget-image-carousel\" data-id=\"554d3a5\" data-element_type=\"widget\" data-e-type=\"widget\" data-settings=\"{&quot;slides_to_show&quot;:&quot;1&quot;,&quot;navigation&quot;:&quot;both&quot;,&quot;autoplay&quot;:&quot;yes&quot;,&quot;pause_on_hover&quot;:&quot;yes&quot;,&quot;pause_on_interaction&quot;:&quot;yes&quot;,&quot;autoplay_speed&quot;:5000,&quot;infinite&quot;:&quot;yes&quot;,&quot;effect&quot;:&quot;slide&quot;,&quot;speed&quot;:500}\" data-widget_type=\"image-carousel.default\">\n\t\t\t\t<div class=\"elementor-widget-container\">\n\t\t\t\t\t\t\t<div class=\"elementor-image-carousel-wrapper swiper\" role=\"region\" aria-roledescription=\"carousel\" aria-label=\"Carrousel d\u2019images\" dir=\"ltr\">\n\t\t\t<div class=\"elementor-image-carousel swiper-wrapper\" aria-live=\"off\">\n\t\t\t\t\t\t\t\t<div class=\"swiper-slide\" role=\"group\" aria-roledescription=\"slide\" aria-label=\"1 sur 6\"><figure class=\"swiper-slide-inner\"><img decoding=\"async\" class=\"swiper-slide-image\" src=\"https:\/\/campuscasson.fr\/wp-content\/uploads\/2024\/01\/IMG_3469-1024x683.jpg\" alt=\"IMG_3469\" \/><\/figure><\/div><div class=\"swiper-slide\" role=\"group\" aria-roledescription=\"slide\" aria-label=\"2 sur 6\"><figure class=\"swiper-slide-inner\"><img decoding=\"async\" class=\"swiper-slide-image\" src=\"https:\/\/campuscasson.fr\/wp-content\/uploads\/2024\/01\/US-Camp-Casson-163-1024x681.jpg\" alt=\"US Camp Casson-163\" \/><\/figure><\/div><div class=\"swiper-slide\" role=\"group\" aria-roledescription=\"slide\" aria-label=\"3 sur 6\"><figure class=\"swiper-slide-inner\"><img decoding=\"async\" class=\"swiper-slide-image\" src=\"https:\/\/campuscasson.fr\/wp-content\/uploads\/2024\/01\/IMG_3118-1024x683.jpg\" alt=\"IMG_3118\" \/><\/figure><\/div><div class=\"swiper-slide\" role=\"group\" aria-roledescription=\"slide\" aria-label=\"4 sur 6\"><figure class=\"swiper-slide-inner\"><img decoding=\"async\" class=\"swiper-slide-image\" src=\"https:\/\/campuscasson.fr\/wp-content\/uploads\/2024\/01\/US-Camp-Casson-228-1024x681.jpg\" alt=\"US Camp Casson-228\" \/><\/figure><\/div><div class=\"swiper-slide\" role=\"group\" aria-roledescription=\"slide\" aria-label=\"5 sur 6\"><figure class=\"swiper-slide-inner\"><img decoding=\"async\" class=\"swiper-slide-image\" src=\"https:\/\/campuscasson.fr\/wp-content\/uploads\/2024\/01\/IMG_3077-1024x576.jpg\" alt=\"IMG_3077\" \/><\/figure><\/div><div class=\"swiper-slide\" role=\"group\" aria-roledescription=\"slide\" aria-label=\"6 sur 6\"><figure class=\"swiper-slide-inner\"><img decoding=\"async\" class=\"swiper-slide-image\" src=\"https:\/\/campuscasson.fr\/wp-content\/uploads\/2024\/01\/IMG_3076-1024x683.jpg\" alt=\"IMG_3076\" \/><\/figure><\/div>\t\t\t<\/div>\n\t\t\t\t\t\t\t\t\t\t\t\t<div class=\"elementor-swiper-button elementor-swiper-button-prev\" role=\"button\" tabindex=\"0\">\n\t\t\t\t\t\t<i aria-hidden=\"true\" class=\"eicon-chevron-left\"><\/i>\t\t\t\t\t<\/div>\n\t\t\t\t\t<div class=\"elementor-swiper-button elementor-swiper-button-next\" role=\"button\" tabindex=\"0\">\n\t\t\t\t\t\t<i aria-hidden=\"true\" class=\"eicon-chevron-right\"><\/i>\t\t\t\t\t<\/div>\n\t\t\t\t\n\t\t\t\t\t\t\t\t\t<div class=\"swiper-pagination\"><\/div>\n\t\t\t\t\t\t\t\t\t<\/div>\n\t\t\t\t\t\t<\/div>\n\t\t\t\t<\/div>\n\t\t\t\t\t<\/div>\n\t\t<\/div>\n\t\t\t\t\t<\/div>\n\t\t<\/section>\n\t\t\t\t<\/div>\n\t\t","protected":false},"excerpt":{"rendered":"<p>B\u00e9n\u00e9voles En 2024, plus de 200 b\u00e9n\u00e9voles exceptionnels ont fait du CAMP US Casson un \u00e9v\u00e9nement inoubliable. Sans leur \u00e9nergie, leur d\u00e9vouement et leur bonne humeur, cette c\u00e9l\u00e9bration n&rsquo;aurait tout simplement pas lieu. Chaque ann\u00e9e, c&rsquo;est gr\u00e2ce \u00e0 vous que la magie op\u00e8re et que des milliers de visiteurs peuvent profiter pleinement de cette immersion [&hellip;]<\/p>\n","protected":false},"author":1,"featured_media":0,"parent":0,"menu_order":0,"comment_status":"closed","ping_status":"closed","template":"","meta":{"om_disable_all_campaigns":false,"ocean_post_layout":"","ocean_both_sidebars_style":"","ocean_both_sidebars_content_width":0,"ocean_both_sidebars_sidebars_width":0,"ocean_sidebar":"","ocean_second_sidebar":"","ocean_disable_margins":"enable","ocean_add_body_class":"","ocean_shortcode_before_top_bar":"","ocean_shortcode_after_top_bar":"","ocean_shortcode_before_header":"","ocean_shortcode_after_header":"","ocean_has_shortcode":"","ocean_shortcode_after_title":"","ocean_shortcode_before_footer_widgets":"","ocean_shortcode_after_footer_widgets":"","ocean_shortcode_before_footer_bottom":"","ocean_shortcode_after_footer_bottom":"","ocean_display_top_bar":"default","ocean_display_header":"default","ocean_header_style":"","ocean_center_header_left_menu":"","ocean_custom_header_template":"","ocean_custom_logo":0,"ocean_custom_retina_logo":0,"ocean_custom_logo_max_width":0,"ocean_custom_logo_tablet_max_width":0,"ocean_custom_logo_mobile_max_width":0,"ocean_custom_logo_max_height":0,"ocean_custom_logo_tablet_max_height":0,"ocean_custom_logo_mobile_max_height":0,"ocean_header_custom_menu":"","ocean_menu_typo_font_family":"","ocean_menu_typo_font_subset":"","ocean_menu_typo_font_size":0,"ocean_menu_typo_font_size_tablet":0,"ocean_menu_typo_font_size_mobile":0,"ocean_menu_typo_font_size_unit":"px","ocean_menu_typo_font_weight":"","ocean_menu_typo_font_weight_tablet":"","ocean_menu_typo_font_weight_mobile":"","ocean_menu_typo_transform":"","ocean_menu_typo_transform_tablet":"","ocean_menu_typo_transform_mobile":"","ocean_menu_typo_line_height":0,"ocean_menu_typo_line_height_tablet":0,"ocean_menu_typo_line_height_mobile":0,"ocean_menu_typo_line_height_unit":"","ocean_menu_typo_spacing":0,"ocean_menu_typo_spacing_tablet":0,"ocean_menu_typo_spacing_mobile":0,"ocean_menu_typo_spacing_unit":"","ocean_menu_link_color":"","ocean_menu_link_color_hover":"","ocean_menu_link_color_active":"","ocean_menu_link_background":"","ocean_menu_link_hover_background":"","ocean_menu_link_active_background":"","ocean_menu_social_links_bg":"","ocean_menu_social_hover_links_bg":"","ocean_menu_social_links_color":"","ocean_menu_social_hover_links_color":"","ocean_disable_title":"default","ocean_disable_heading":"default","ocean_post_title":"","ocean_post_subheading":"","ocean_post_title_style":"","ocean_post_title_background_color":"","ocean_post_title_background":0,"ocean_post_title_bg_image_position":"","ocean_post_title_bg_image_attachment":"","ocean_post_title_bg_image_repeat":"","ocean_post_title_bg_image_size":"","ocean_post_title_height":0,"ocean_post_title_bg_overlay":0.5,"ocean_post_title_bg_overlay_color":"","ocean_disable_breadcrumbs":"default","ocean_breadcrumbs_color":"","ocean_breadcrumbs_separator_color":"","ocean_breadcrumbs_links_color":"","ocean_breadcrumbs_links_hover_color":"","ocean_display_footer_widgets":"default","ocean_display_footer_bottom":"default","ocean_custom_footer_template":"","footnotes":""},"class_list":["post-1133","page","type-page","status-publish","hentry","entry"],"yoast_head":"<!-- This site is optimized with the Yoast SEO plugin v27.6 - https:\/\/yoast.com\/product\/yoast-seo-wordpress\/ -->\n<title>B\u00e9n\u00e9voles - campuscasson.fr<\/title>\n<meta name=\"robots\" content=\"index, follow, max-snippet:-1, max-image-preview:large, max-video-preview:-1\" \/>\n<link rel=\"canonical\" href=\"https:\/\/campuscasson.fr\/?page_id=1133\" \/>\n<meta property=\"og:locale\" content=\"fr_FR\" \/>\n<meta property=\"og:type\" content=\"article\" \/>\n<meta property=\"og:title\" content=\"B\u00e9n\u00e9voles - campuscasson.fr\" \/>\n<meta property=\"og:description\" content=\"B\u00e9n\u00e9voles En 2024, plus de 200 b\u00e9n\u00e9voles exceptionnels ont fait du CAMP US Casson un \u00e9v\u00e9nement inoubliable. Sans leur \u00e9nergie, leur d\u00e9vouement et leur bonne humeur, cette c\u00e9l\u00e9bration n&rsquo;aurait tout simplement pas lieu. Chaque ann\u00e9e, c&rsquo;est gr\u00e2ce \u00e0 vous que la magie op\u00e8re et que des milliers de visiteurs peuvent profiter pleinement de cette immersion [&hellip;]\" \/>\n<meta property=\"og:url\" content=\"https:\/\/campuscasson.fr\/?page_id=1133\" \/>\n<meta property=\"og:site_name\" content=\"campuscasson.fr\" \/>\n<meta property=\"article:modified_time\" content=\"2025-07-21T14:17:02+00:00\" \/>\n<meta property=\"og:image\" content=\"http:\/\/campuscasson.fr\/wp-content\/uploads\/2024\/01\/IMG_3469-1024x683.jpg\" \/>\n<meta name=\"twitter:card\" content=\"summary_large_image\" \/>\n<meta name=\"twitter:label1\" content=\"Dur\u00e9e de lecture estim\u00e9e\" \/>\n\t<meta name=\"twitter:data1\" content=\"3 minutes\" \/>\n<script type=\"application\/ld+json\" class=\"yoast-schema-graph\">{\"@context\":\"https:\\\/\\\/schema.org\",\"@graph\":[{\"@type\":\"WebPage\",\"@id\":\"https:\\\/\\\/campuscasson.fr\\\/?page_id=1133\",\"url\":\"https:\\\/\\\/campuscasson.fr\\\/?page_id=1133\",\"name\":\"B\u00e9n\u00e9voles - campuscasson.fr\",\"isPartOf\":{\"@id\":\"https:\\\/\\\/campuscasson.fr\\\/#website\"},\"primaryImageOfPage\":{\"@id\":\"https:\\\/\\\/campuscasson.fr\\\/?page_id=1133#primaryimage\"},\"image\":{\"@id\":\"https:\\\/\\\/campuscasson.fr\\\/?page_id=1133#primaryimage\"},\"thumbnailUrl\":\"http:\\\/\\\/campuscasson.fr\\\/wp-content\\\/uploads\\\/2024\\\/01\\\/IMG_3469-1024x683.jpg\",\"datePublished\":\"2024-01-30T12:29:03+00:00\",\"dateModified\":\"2025-07-21T14:17:02+00:00\",\"breadcrumb\":{\"@id\":\"https:\\\/\\\/campuscasson.fr\\\/?page_id=1133#breadcrumb\"},\"inLanguage\":\"fr-FR\",\"potentialAction\":[{\"@type\":\"ReadAction\",\"target\":[\"https:\\\/\\\/campuscasson.fr\\\/?page_id=1133\"]}]},{\"@type\":\"ImageObject\",\"inLanguage\":\"fr-FR\",\"@id\":\"https:\\\/\\\/campuscasson.fr\\\/?page_id=1133#primaryimage\",\"url\":\"http:\\\/\\\/campuscasson.fr\\\/wp-content\\\/uploads\\\/2024\\\/01\\\/IMG_3469-1024x683.jpg\",\"contentUrl\":\"http:\\\/\\\/campuscasson.fr\\\/wp-content\\\/uploads\\\/2024\\\/01\\\/IMG_3469-1024x683.jpg\"},{\"@type\":\"BreadcrumbList\",\"@id\":\"https:\\\/\\\/campuscasson.fr\\\/?page_id=1133#breadcrumb\",\"itemListElement\":[{\"@type\":\"ListItem\",\"position\":1,\"name\":\"Accueil\",\"item\":\"https:\\\/\\\/campuscasson.fr\\\/\"},{\"@type\":\"ListItem\",\"position\":2,\"name\":\"B\u00e9n\u00e9voles\"}]},{\"@type\":\"WebSite\",\"@id\":\"https:\\\/\\\/campuscasson.fr\\\/#website\",\"url\":\"https:\\\/\\\/campuscasson.fr\\\/\",\"name\":\"campuscasson.fr\",\"description\":\"| 8&gt; 11 mai 2024\",\"publisher\":{\"@id\":\"https:\\\/\\\/campuscasson.fr\\\/#organization\"},\"potentialAction\":[{\"@type\":\"SearchAction\",\"target\":{\"@type\":\"EntryPoint\",\"urlTemplate\":\"https:\\\/\\\/campuscasson.fr\\\/?s={search_term_string}\"},\"query-input\":{\"@type\":\"PropertyValueSpecification\",\"valueRequired\":true,\"valueName\":\"search_term_string\"}}],\"inLanguage\":\"fr-FR\"},{\"@type\":\"Organization\",\"@id\":\"https:\\\/\\\/campuscasson.fr\\\/#organization\",\"name\":\"campuscasson.fr\",\"url\":\"https:\\\/\\\/campuscasson.fr\\\/\",\"logo\":{\"@type\":\"ImageObject\",\"inLanguage\":\"fr-FR\",\"@id\":\"https:\\\/\\\/campuscasson.fr\\\/#\\\/schema\\\/logo\\\/image\\\/\",\"url\":\"https:\\\/\\\/campuscasson.fr\\\/wp-content\\\/uploads\\\/2023\\\/10\\\/cropped-Version_PVA-Detoure1.png\",\"contentUrl\":\"https:\\\/\\\/campuscasson.fr\\\/wp-content\\\/uploads\\\/2023\\\/10\\\/cropped-Version_PVA-Detoure1.png\",\"width\":408,\"height\":365,\"caption\":\"campuscasson.fr\"},\"image\":{\"@id\":\"https:\\\/\\\/campuscasson.fr\\\/#\\\/schema\\\/logo\\\/image\\\/\"}}]}<\/script>\n<!-- \/ Yoast SEO plugin. -->","yoast_head_json":{"title":"B\u00e9n\u00e9voles - campuscasson.fr","robots":{"index":"index","follow":"follow","max-snippet":"max-snippet:-1","max-image-preview":"max-image-preview:large","max-video-preview":"max-video-preview:-1"},"canonical":"https:\/\/campuscasson.fr\/?page_id=1133","og_locale":"fr_FR","og_type":"article","og_title":"B\u00e9n\u00e9voles - campuscasson.fr","og_description":"B\u00e9n\u00e9voles En 2024, plus de 200 b\u00e9n\u00e9voles exceptionnels ont fait du CAMP US Casson un \u00e9v\u00e9nement inoubliable. Sans leur \u00e9nergie, leur d\u00e9vouement et leur bonne humeur, cette c\u00e9l\u00e9bration n&rsquo;aurait tout simplement pas lieu. Chaque ann\u00e9e, c&rsquo;est gr\u00e2ce \u00e0 vous que la magie op\u00e8re et que des milliers de visiteurs peuvent profiter pleinement de cette immersion [&hellip;]","og_url":"https:\/\/campuscasson.fr\/?page_id=1133","og_site_name":"campuscasson.fr","article_modified_time":"2025-07-21T14:17:02+00:00","og_image":[{"url":"http:\/\/campuscasson.fr\/wp-content\/uploads\/2024\/01\/IMG_3469-1024x683.jpg","type":"","width":"","height":""}],"twitter_card":"summary_large_image","twitter_misc":{"Dur\u00e9e de lecture estim\u00e9e":"3 minutes"},"schema":{"@context":"https:\/\/schema.org","@graph":[{"@type":"WebPage","@id":"https:\/\/campuscasson.fr\/?page_id=1133","url":"https:\/\/campuscasson.fr\/?page_id=1133","name":"B\u00e9n\u00e9voles - campuscasson.fr","isPartOf":{"@id":"https:\/\/campuscasson.fr\/#website"},"primaryImageOfPage":{"@id":"https:\/\/campuscasson.fr\/?page_id=1133#primaryimage"},"image":{"@id":"https:\/\/campuscasson.fr\/?page_id=1133#primaryimage"},"thumbnailUrl":"http:\/\/campuscasson.fr\/wp-content\/uploads\/2024\/01\/IMG_3469-1024x683.jpg","datePublished":"2024-01-30T12:29:03+00:00","dateModified":"2025-07-21T14:17:02+00:00","breadcrumb":{"@id":"https:\/\/campuscasson.fr\/?page_id=1133#breadcrumb"},"inLanguage":"fr-FR","potentialAction":[{"@type":"ReadAction","target":["https:\/\/campuscasson.fr\/?page_id=1133"]}]},{"@type":"ImageObject","inLanguage":"fr-FR","@id":"https:\/\/campuscasson.fr\/?page_id=1133#primaryimage","url":"http:\/\/campuscasson.fr\/wp-content\/uploads\/2024\/01\/IMG_3469-1024x683.jpg","contentUrl":"http:\/\/campuscasson.fr\/wp-content\/uploads\/2024\/01\/IMG_3469-1024x683.jpg"},{"@type":"BreadcrumbList","@id":"https:\/\/campuscasson.fr\/?page_id=1133#breadcrumb","itemListElement":[{"@type":"ListItem","position":1,"name":"Accueil","item":"https:\/\/campuscasson.fr\/"},{"@type":"ListItem","position":2,"name":"B\u00e9n\u00e9voles"}]},{"@type":"WebSite","@id":"https:\/\/campuscasson.fr\/#website","url":"https:\/\/campuscasson.fr\/","name":"campuscasson.fr","description":"| 8&gt; 11 mai 2024","publisher":{"@id":"https:\/\/campuscasson.fr\/#organization"},"potentialAction":[{"@type":"SearchAction","target":{"@type":"EntryPoint","urlTemplate":"https:\/\/campuscasson.fr\/?s={search_term_string}"},"query-input":{"@type":"PropertyValueSpecification","valueRequired":true,"valueName":"search_term_string"}}],"inLanguage":"fr-FR"},{"@type":"Organization","@id":"https:\/\/campuscasson.fr\/#organization","name":"campuscasson.fr","url":"https:\/\/campuscasson.fr\/","logo":{"@type":"ImageObject","inLanguage":"fr-FR","@id":"https:\/\/campuscasson.fr\/#\/schema\/logo\/image\/","url":"https:\/\/campuscasson.fr\/wp-content\/uploads\/2023\/10\/cropped-Version_PVA-Detoure1.png","contentUrl":"https:\/\/campuscasson.fr\/wp-content\/uploads\/2023\/10\/cropped-Version_PVA-Detoure1.png","width":408,"height":365,"caption":"campuscasson.fr"},"image":{"@id":"https:\/\/campuscasson.fr\/#\/schema\/logo\/image\/"}}]}},"jetpack_sharing_enabled":true,"_links":{"self":[{"href":"https:\/\/campuscasson.fr\/index.php?rest_route=\/wp\/v2\/pages\/1133","targetHints":{"allow":["GET"]}}],"collection":[{"href":"https:\/\/campuscasson.fr\/index.php?rest_route=\/wp\/v2\/pages"}],"about":[{"href":"https:\/\/campuscasson.fr\/index.php?rest_route=\/wp\/v2\/types\/page"}],"author":[{"embeddable":true,"href":"https:\/\/campuscasson.fr\/index.php?rest_route=\/wp\/v2\/users\/1"}],"replies":[{"embeddable":true,"href":"https:\/\/campuscasson.fr\/index.php?rest_route=%2Fwp%2Fv2%2Fcomments&post=1133"}],"version-history":[{"count":34,"href":"https:\/\/campuscasson.fr\/index.php?rest_route=\/wp\/v2\/pages\/1133\/revisions"}],"predecessor-version":[{"id":2563,"href":"https:\/\/campuscasson.fr\/index.php?rest_route=\/wp\/v2\/pages\/1133\/revisions\/2563"}],"wp:attachment":[{"href":"https:\/\/campuscasson.fr\/index.php?rest_route=%2Fwp%2Fv2%2Fmedia&parent=1133"}],"curies":[{"name":"wp","href":"https:\/\/api.w.org\/{rel}","templated":true}]}}